
What is the units digit of 2664?
4
What is the hundreds digit of 1197?
1
What is the tens digit of 2152?
5
What is the units digit of 100413?
3
What is the units digit of 671?
1
What is the units digit of 23?
3
What is the hundreds digit of 505?
5
What is the hundreds digit of 22706?
7
What is the units digit of 6015?
5
What is the units digit of 9187?
7
What is the ten thousands digit of 55800?
5
What is the thousands digit of 25594?
5
What is the tens digit of 58345?
4
What is the hundreds digit of 675?
6
What is the hundreds digit of 1078?
0
What is the tens digit of 646?
4
What is the thousands digit of 13965?
3
What is the hundreds digit of 21125?
1
What is the thousands digit of 8054?
8
What is the hundred thousands digit of 121011?
1
What is the tens digit of 7444?
4
What is the tens digit of 11251?
5
What is the hundreds digit of 3377?
3
What is the hundreds digit of 19969?
9
What is the units digit of 906?
6
What is the thousands digit of 3910?
3
What is the tens digit of 63?
6
What is the units digit of 30152?
2
What is the hundreds digit of 6027?
0
What is the units digit of 415?
5
What is the ten thousands digit of 40497?
4
What is the hundreds digit of 963?
9
What is the hundreds digit of 15017?
0
What is the thousands digit of 29299?
9
What is the hundreds digit of 585?
5
What is the thousands digit of 1408?
1
What is the units digit of 18278?
8
What is the tens digit of 29256?
5
What is the tens digit of 1701?
0
What is the hundreds digit of 5548?
5
What is the hundreds digit of 4217?
2
What is the hundred thousands digit of 121674?
1
What is the units digit of 14368?
8
What is the tens digit of 233?
3
What is the thousands digit of 2506?
2
What is the tens digit of 254?
5
What is the units digit of 575?
5
What is the units digit of 36?
6
What is the units digit of 17475?
5
What is the ten thousands digit of 74704?
7
What is the hundreds digit of 2058?
0
What is the units digit of 3421?
1
What is the thousands digit of 64117?
4
What is the thousands digit of 37013?
7
What is the ten thousands digit of 16093?
1
What is the hundreds digit of 86999?
9
What is the hundreds digit of 699?
6
What is the ten thousands digit of 19521?
1
What is the hundreds digit of 675?
6
What is the hundred thousands digit of 125311?
1
What is the units digit of 84?
4
What is the units digit of 281?
1
What is the thousands digit of 4838?
4
What is the thousands digit of 22448?
2
What is the tens digit of 9208?
0
What is the units digit of 342?
2
What is the tens digit of 672?
7
What is the thousands digit of 119090?
9
What is the units digit of 303?
3
What is the thousands digit of 1429?
1
What is the tens digit of 118?
1
What is the thousands digit of 1360?
1
What is the tens digit of 9541?
4
What is the units digit of 512?
2
What is the tens digit of 2396?
9
What is the hundreds digit of 3546?
5
What is the tens digit of 3302?
0
What is the ten thousands digit of 70926?
7
What is the thousands digit of 60242?
0
What is the thousands digit of 3874?
3
What is the thousands digit of 9850?
9
What is the hundreds digit of 550?
5
What is the hundreds digit of 241?
2
What is the tens digit of 521?
2
What is the thousands digit of 1230?
1
What is the thousands digit of 3347?
3
What is the units digit of 15593?
3
What is the hundreds digit of 55973?
9
What is the units digit of 6350?
0
What is the units digit of 3678?
8
What is the units digit of 611?
1
What is the hundreds digit of 1471?
4
What is the units digit of 883?
3
What is the hundreds digit of 4266?
2
What is the tens digit of 23185?
8
What is the thousands digit of 3515?
3
What is the thousands digit of 3757?
3
What is the ten thousands digit of 10813?
1
What is the hundreds digit of 417?
4
What is the hundreds digit of 1582?
5
What is the thousands digit of 11179?
1
What is the thousands digit of 8847?
8
What is the hundreds digit of 2773?
7
What is the hundreds digit of 62010?
0
What is the thousands digit of 54959?
4
What is the thousands digit of 3024?
3
What is the ten thousands digit of 11714?
1
What is the thousands digit of 77241?
7
What is the tens digit of 2252?
5
What is the tens digit of 2387?
8
What is the thousands digit of 21212?
1
What is the tens digit of 12934?
3
What is the units digit of 1355?
5
What is the hundreds digit of 9332?
3
What is the units digit of 79979?
9
What is the units digit of 21?
1
What is the units digit of 16627?
7
What is the units digit of 1124?
4
What is the thousands digit of 2734?
2
What is the units digit of 7910?
0
What is the thousands digit of 6587?
6
What is the tens digit of 26906?
0
What is the thousands digit of 8569?
8
What is the tens digit of 76924?
2
What is the hundreds digit of 7517?
5
What is the tens digit of 148?
4
What is the units digit of 661?
1
What is the units digit of 7070?
0
What is the hundreds digit of 8948?
9
What is the thousands digit of 5021?
5
What is the tens digit of 3160?
6
What is the tens digit of 830?
3
What is the tens digit of 239?
3
What is the tens digit of 3507?
0
What is the hundreds digit of 1429?
4
What is the units digit of 9860?
0
What is the thousands digit of 20358?
0
What is the tens digit of 27874?
7
What is the hundreds digit of 71273?
2
What is the thousands digit of 77529?
7
What is the tens digit of 66813?
1
What is the units digit of 432?
2
What is the thousands digit of 3865?
3
What is the hundreds digit of 5572?
5
What is the units digit of 518?
8
What is the thousands digit of 2367?
2
What is the ten thousands digit of 125983?
2
What is the hundreds digit of 2583?
5
What is the thousands digit of 3577?
3
What is the tens digit of 41801?
0
What is the tens digit of 1062?
6
What is the tens digit of 151?
5
What is the hundreds digit of 2718?
7
What is the tens digit of 1583?
8
What is the tens digit of 242?
4
What is the hundreds digit of 4285?
2
What is the units digit of 559?
9
What is the units digit of 1143?
3
What is the tens digit of 1156?
5
What is the tens digit of 881?
8
What is the tens digit of 33485?
8
What is the hundreds digit of 29971?
9
What is the hundreds digit of 40215?
2
What is the units digit of 4319?
9
What is the units digit of 2491?
1
What is the units digit of 906?
6
What is the hundreds digit of 2919?
9
What is the ten thousands digit of 12445?
1
What is the thousands digit of 15550?
5
What is the hundreds digit of 6903?
9
What is the hundreds digit of 6788?
7
What is the tens digit of 71482?
8
What is the tens digit of 563?
6
What is the units digit of 16653?
3
What is the tens digit of 717?
1
What is the units digit of 111912?
2
What is the hundreds digit of 226?
2
What is the hundreds digit of 4081?
0
What is the thousands digit of 7483?
7
What is the tens digit of 106956?
5
What is the units digit of 522?
2
What is the tens digit of 5085?
8
What is the hundreds digit of 1814?
8
What is the hundreds digit of 68199?
1
What is the ten thousands digit of 34406?
3
What is the units digit of 1375?
5
What is the thousands digit of 4779?
4
What is the thousands digit of 20023?
0
What is the units digit of 10179?
9
What is the units digit of 80919?
9
What is the thousands digit of 2713?
2
What is the units digit of 4022?
2
What is the ten thousands digit of 18948?
1
What is the hundreds digit of 49059?
0
What is the hundreds digit of 4365?
3
What is the hundreds digit of 8837?
8
What is the hundreds digit of 4743?
7
What is the hundreds digit of 2208?
2
What is the hundreds digit of 16127?
1
What is the ten thousands digit of 39928?
3
What is the hundreds digit of 17998?
9
What is the hundreds digit of 986?
9
What is the tens digit of 8655?
5
What is the hundreds digit of 4072?
0
What is the units digit of 17032?
2
What is the tens digit of 7428?
2
What is the hundreds digit of 52950?
9
What is the tens digit of 1260?
6
What is the hundreds digit of 415?
4
What is the thousands digit of 4518?
4
What is the units digit of 142?
2
What is the thousands digit of 77315?
7
What is the thousands digit of 80599?
0
What is the hundreds digit of 713?
7
What is the units digit of 33?
3
What is the ten thousands digit of 21964?
2
What is the hundreds digit of 1359?
3
What is the thousands digit of 13659?
3
What is the units digit of 4559?
9
What is the tens digit of 42470?
7
What 